5, what is 2 - -40320431?
40320433
In base 12, what is 1205 - -20?
1225
In base 16, what is c8 + fb?
1c3
In base 10, what is 23569 - 6?
23563
In base 5, what is -20 + -200313?
-200333
In base 5, what is -313334 + -30?
-313414
In base 6, what is -12313 - 144?
-12501
In base 2, what is -10101001111111011 + -11101?
-10101010000011000
In base 3, what is 112212101021 + 11?
112212101102
In base 10, what is 2396047 - 4?
2396043
In base 4, what is 1212203 - 333?
1211210
In base 11, what is -18180 - -5?
-18176
In base 9, what is 1452 - 206?
1245
In base 5, what is 121 + -42333?
-42212
In base 14, what is -4 - 2261?
-2265
In base 3, what is 2001220002 + 11?
2001220020
In base 16, what is -1fa + -1?
-1fb
In base 14, what is a - 23b2?
-23a6
In base 9, what is 1426 - 514?
812
In base 8, what is 1461 - 2544?
-1063
In base 5, what is 11423132 - 11?
11423121
In base 16, what is f6 + -96?
60
In base 3, what is 20001120 - -210?
20002100
In base 8, what is 1470 + 424?
2114
In base 3, what is -10000120 + -2110?
-10010000
In base 12, what is -53 + 335?
2a2
In base 9, what is -1288 - -1247?
-41
In base 3, what is 1100112010111 - -100?
1100112010211
In base 15, what is 0 + -23c7?
-23c7
In base 7, what is 1154 + -6230?
-5043
In base 2, what is -100011011100 + -1100011001?
-101111110101
In base 12, what is 13a09 - -4?
13a11
In base 2, what is 110110110110111010 + 11?
110110110110111101
In base 6, what is -24213 - -11?
-24202
In base 2, what is 101011111 + -100001000?
1010111
In base 4, what is -21011 + -222?
-21233
In base 6, what is -110052 + 10?
-110042
In base 14, what is 3 - -1b0?
1b3
In base 14, what is -8bc4d + 5?
-8bc48
In base 14, what is 1a3119 - -3?
1a311c
In base 3, what is -122 + -200021?
-200220
In base 14, what is -82937 + -18?
-82951
In base 13, what is -1917 - -3?
-1914
In base 14, what is 10b9bb - 4?
10b9b7
In base 16, what is 4 - -54d1?
54d5
In base 5, what is 42 - 10?
32
In base 15, what is 1c1 + -113?
ad
In base 3, what is -1 + -220010001000?
-220010001001
In base 8, what is -426 - -173?
-233
In base 12, what is 19b - 3a0?
-201
In base 5, what is -423 - -32240?
31312
In base 2, what is -10111100 + 101110011110?
101011100010
In base 16, what is -3 - -1bd9?
1bd6
In base 8, what is -1447 - -36?
-1411
In base 10, what is 1001958 + 2?
1001960
In base 7, what is -340 - -16264?
15624
In base 6, what is -143545 - -300?
-143245
In base 9, what is -1223 - 547?
-1771
In base 5, what is 301 + 11100?
11401
In base 12, what is 470882 - 0?
470882
In base 9, what is 328 - 187?
131
In base 2, what is -1 - 10111110001010?
-10111110001011
In base 10, what is -34697 - 39?
-34736
In base 4, what is 202 - 33132?
-32330
In base 9, what is 8 - 745661?
-745652
In base 3, what is 11101 + 1210100101?
1210111202
In base 12, what is 70 + -16476?
-16406
In base 3, what is -12 - -11110001012?
11110001000
In base 6, what is -20431 + 102?
-20325
In base 5, what is 23030223 + -10?
23030213
In base 3, what is 221 + -101010?
-100012
In base 11, what is 17 - -1373?
138a
In base 14, what is -76 + -136?
-1ac
In base 2, what is -10111101110000111 - -1110?
-10111101101111001
In base 10, what is -10 - -10482?
10472
In base 3, what is 12 + -1122011?
-1121222
In base 12, what is -3 + 118a60?
118a59
In base 5, what is -100341 - -1?
-100340
In base 2, what is -1 - 110011100100?
-110011100101
In base 16, what is -147805 + 3?
-147802
In base 15, what is -2948 - 23?
-296b
In base 4, what is -11 + 13011?
13000
In base 13, what is 4 - -5142?
5146
In base 5, what is -100200 - 244?
-100444
In base 3, what is -11200212 - 2022?
-11210011
In base 4, what is 10100 - -23032?
33132
In base 11, what is 2 - 48215?
-48213
In base 4, what is 300 - 120?
120
In base 12, what is 59058 + 4?
59060
In base 4, what is 1021330 - 12333?
1002331
In base 3, what is -11 - -200211201?
200211120
In base 5, what is 123 + 2334030?
2334203
In base 14, what is -1 + 839?
838
In base 7, what is -4 + -563152?
-563156
In base 3, what is 10 - 10020112000122?
-10020112000112
In base 11, what is -1849a7 + 0?
-1849a7
In base 16, what is -2b2 - 6?
-2b8
In base 6, what is 2253 + 231?
2524
In base 7, what is 205313 + 10?
205323
In base 11, what is -4 - 6778?
-6781
In base 5, what is -210131 - -34?
-210042
In base 3, what is -12111 + 20121010?
20101122
In base 7, what is 1354 - 55?
1266
In base 11, what is -353 + 1594?
1241
In base 14, what is -10adb + 1?
-10ada
In base 15, what is -2b9cc - -5?
-2b9c7
In base 16, what is -b5ed - -2b?
-b5c2
In base 5, what is -141 + 122244?
122103
In base 6, what is -4 - -35451?
35443
In base 14, what is 15 - -75d6?
760b
In base 10, what is 108 + -65?
43
In base 4, what is -32 + -1120320?
-1121012
In base 14, what is -4d77 - -28?
-4d4d
In base 11, what is 287 + 5?
291
In base 4, what is -232 + 31?
-201
In base 8, what is 340 - -4733?
5273
In base 15, what is -246b + -a?
-2476
In base 11, what is -209 - 56?
-264
In base 3, what is 221112212222 - -11?
221112220010
In base 16, what is 60 - -61c?
67c
In base 8, what is 66374 + 2?
66376
In base 14, what is -530 - -1a21?
14d1
In base 11, what is 0 + 19181?
19181
In base 3, what is -11 - -201121112?
201121101
In base 12, what is -1653 - 1?
-1654
In base 4, what is 10120100000 - 0?
10120100000
In base 5, what is -22314 - -2?
-22312
In base 9, what is 73 + -63268?
-63185
In base 6, what is 12 - 302?
-250
In base 15, what is e + c51?
c60
In base 10, what is -74727 - 28?
-74755
In base 16, what is -a9ee + -4?
-a9f2
In base 7, what is -3632 + -555?
-4520
In base 3, what is -2 - -2020120222?
2020120220
In base 9, what is -3075084 - 5?
-3075100
In base 16, what is c + -3c84?
-3c78
In base 14, what is -64b - -573?
-b8
In base 8, what is -77 + 24606?
24507
In base 8, what is -26266 - -3?
-26263
In base 16, what is 31fd - -3?
3200
In base 11, what is -11056 + 0?
-11056
In base 12, what is 12a132 + 2?
12a134
In base 15, what is 24 - 26?
-2
In base 14, what is -4 - 4806?
-480a
In base 5, what is 1130 - 2303?
-1123
In base 15, what is 6229 + 7?
6231
In base 4, what is -330230023 + 3?
-330230020
In base 13, what is -49b7b - a?
-49b88
In base 11, what is -822 + 1257?
535
In base 16, what is 4 + -790?
-78c
In base 8, what is 4237 - -25?
4264
In base 10, what is -151576 + -3?
-151579
In base 5, what is -2210133 - -11?
-2210122
In base 14, what is 5b8 - 7?
5b1
In base 15, what is -1b80 - 14?
-1b94
In base 3, what is 2021 - -21?
2112
In base 9, what is 45511 + 2?
45513
In base 8, what is 34664161 + -1?
34664160
In base 9, what is -164 - -82?
-72
In base 11, what is 8 + 43828?
43835
In base 12, what is -26 - 15bb?
-1625
In base 7, what is 15 - 103?
-55
In base 5, what is 4 + -12302034?
-12302030
In base 8, what is -347 + -477?
-1046
In base 10, what is 5 + 12076?
12081
In base 16, what is 4f + 8?
57
In base 3, what is 10 + 211000112?
211000122
In base 15, what is 30 + 2d5?
315
In base 12, what is -53 - -88?
35
In base 10, what is -36 - -87278?
87242
In base 3, what is 12 + 200121000?
200121012
In base 8, what is 173004 - 52?
172732
In base 9, what is -102416 - -13?
-102403
In base 12, what is -6 + -16354?
-1635a
In base 2, what is -10000010100 - -11100110?
-1100101110
In base 16, what is bbe8a + 1?
bbe8b
In base 11, what is 9 - -573?
581
In base 6, what is -301344 + 204?
-301140
In base 3, what is -11200220120 - -11?
-11200220102
In base 3, what is -10 - -1020100101?
1020100021
In base 6, what is -4 - 23302515?
-23302523
In base 13, what is -1193254 - 2?
-1193256
In base 14, what is 1 + -6748?
-6747
In base 2, what is 101011100001100111 - -100?
101011100001101011
In base 9, what is 24847 - 1?
24846
In base 2, what is -1010100 + -10011111?
-11110011
In base 2, what is -1000110100010 - -10001000001?
-110101100001
In base 8, what is 475644 - -3?
475647
In base 4, what is 2 + 132301123?
132301131
In base 16, what is 3e - -2d?
6b
In base 16, what is -ef6 - 2e?
-f24
In base 2, what is 1011110 + -1000011101?
-110111111
In base 6, what is 5250042 - 1?
5250041
In base 13, what is -19a722b + -5?
-19a7233
In base 15, what is 149c7 + 4?
149cb
In base 16, what is 4f + 2ea?
339
In base 3, what is -1000 + -1100?
-2100
In base 11, what is -811674 - 5?
-811679
In base 7, what is -246352 + 22?
-246330
In base 7, what is -2 + -14360443?
-14360445
In base 10, what is 254 + 1604?
1858
In base 13, wh